1
What is 8 (base 11) in base 12?
8
What is -342 (base 7) in base 9?
-216
Convert -10 (base 9) to base 13.
-9
-1 (base 14) to base 5
-1
What is 3f (base 16) in base 13?
4b
What is -2 (base 4) in base 11?
-2
Convert 1 (base 9) to base 3.
1
-20 (base 8) to base 15
-11
11 (base 13) to base 9
15
Convert -2 (base 3) to base 10.
-2
Convert -1011 (base 2) to base 5.
-21
-12 (base 3) to base 6
-5
-13 (base 9) to base 8
-14
11111 (base 2) to base 4
133
Convert 106 (base 10) to base 11.
97
-2 (base 7) to base 3
-2
What is -3 (base 11) in base 2?
-11
What is -321 (base 5) in base 14?
-62
Convert -2 (base 13) to base 15.
-2
What is -38 (base 10) in base 14?
-2a
Convert 302 (base 8) to base 2.
11000010
What is 104 (base 9) in base 5?
320
23 (base 10) to base 6
35
29 (base 10) to base 9
32
-1 (base 12) to base 3
-1
Convert 5 (base 14) to base 13.
5
What is -135 (base 12) in base 5?
-1220
What is 4 (base 13) in base 12?
4
110 (base 5) to base 7
42
What is 5 (base 8) in base 12?
5
Convert 155 (base 6) to base 4.
1013
What is -11 (base 4) in base 13?
-5
45 (base 14) to base 6
141
What is -221 (base 4) in base 16?
-29
What is 425 (base 7) in base 9?
258
Convert -314 (base 6) to base 4.
-1312
-13 (base 12) to base 5
-30
What is 27 (base 9) in base 15?
1a
What is 11 (base 2) in base 12?
3
-10 (base 7) to base 2
-111
Convert 1223 (base 5) to base 9.
228
-112 (base 4) to base 6
-34
What is 213 (base 4) in base 13?
30
-10 (base 2) to base 16
-2
Convert -4 (base 6) to base 16.
-4
What is -433 (base 7) in base 10?
-220
Convert 0 (base 16) to base 5.
0
Convert 1012 (base 3) to base 8.
40
Convert -6 (base 11) to base 4.
-12
What is 1 (base 10) in base 4?
1
What is -17a (base 12) in base 5?
-1423
Convert 7 (base 10) to base 15.
7
Convert -106 (base 16) to base 14.
-14a
1 (base 5) to base 8
1
Convert -11 (base 4) to base 16.
-5
Convert 1b7 (base 14) to base 12.
259
Convert 2 (base 8) to base 3.
2
What is 22 (base 8) in base 10?
18
Convert -21 (base 7) to base 2.
-1111
12 (base 4) to base 7
6
Convert -13 (base 4) to base 10.
-7
4 (base 12) to base 2
100
-12 (base 8) to base 14
-a
3 (base 12) to base 16
3
Convert 205 (base 12) to base 5.
2133
-5 (base 13) to base 7
-5
-6 (base 14) to base 15
-6
What is -34 (base 5) in base 7?
-25
Convert -2 (base 3) to base 2.
-10
What is -1 (base 7) in base 4?
-1
2 (base 13) to base 8
2
-41 (base 5) to base 9
-23
Convert 32 (base 8) to base 14.
1c
What is -230 (base 8) in base 14?
-ac
122 (base 3) to base 10
17
Convert 1 (base 11) to base 6.
1
What is 4 (base 7) in base 8?
4
-3 (base 6) to base 13
-3
10022 (base 3) to base 7
155
Convert 2 (base 14) to base 5.
2
What is 10 (base 7) in base 4?
13
12 (base 5) to base 4
13
What is 1112 (base 5) in base 6?
421
What is -66 (base 15) in base 14?
-6c
5 (base 14) to base 9
5
3d (base 14) to base 5
210
Convert 45 (base 8) to base 14.
29
276 (base 10) to base 9
336
8d (base 14) to base 13
98
-a (base 11) to base 9
-11
What is -3 (base 6) in base 3?
-10
10 (base 13) to base 15
d
What is 1131 (base 5) in base 9?
204
Convert 11 (base 2) to base 4.
3
432 (base 6) to base 13
c8
2 (base 12) to base 15
2
1321 (base 4) to base 6
321
3 (base 15) to base 4
3
-67 (base 12) to base 13
-61
-31 (base 9) to base 2
-11100
What is -222 (base 5) in base 9?
-68
What is 101001 (base 3) in base 15?
131
What is 6 (base 7) in base 10?
6
73 (base 8) to base 5
214
2 (base 14) to base 15
2
What is 133 (base 5) in base 12?
37
Convert 101 (base 2) to base 5.
10
Convert -b9 (base 12) to base 2.
-10001101
What is 222 (base 4) in base 5?
132
2 (base 13) to base 12
2
Convert -3 (base 12) to base 10.
-3
What is 3 (base 14) in base 7?
3
-5 (base 15) to base 10
-5
What is 67 (base 12) in base 16?
4f
Convert -1 (base 15) to base 10.
-1
What is -111011 (base 2) in base 15?
-3e
Convert 11 (base 13) to base 14.
10
Convert 21 (base 10) to base 13.
18
What is 14 (base 7) in base 15?
b
-d (base 15) to base 10
-13
Convert 210 (base 8) to base 12.
b4
Convert 16 (base 16) to base 7.
31
Convert 2 (base 11) to base 4.
2
Convert -16 (base 9) to base 2.
-1111
Convert -10000 (base 2) to base 9.
-17
What is 11 (base 3) in base 14?
4
What is -5 (base 8) in base 9?
-5
What is 6 (base 9) in base 3?
20
What is -59 (base 11) in base 12?
-54
Convert 18 (base 9) to base 5.
32
What is -197 (base 10) in base 2?
-11000101
Convert -1 (base 3) to base 10.
-1
Convert 2 (base 14) to base 7.
2
11 (base 6) to base 11
7
What is -4 (base 14) in base 9?
-4
Convert -2 (base 14) to base 9.
-2
Convert 7 (base 16) to base 3.
21
Convert -8 (base 16) to base 13.
-8
-11 (base 6) to base 4
-13
Convert -4 (base 12) to base 11.
-4
11 (base 5) to base 7
6
What is 300 (base 7) in base 9?
173
5 (base 8) to base 10
5
3 (base 13) to base 7
3
What is 2 (base 5) in base 9?
2
What is 22 (base 14) in base 9?
33
What is 100110010 (base 2) in base 16?
132
What is -180 (base 12) in base 13?
-156
Convert 6 (base 10) to base 11.
6
Convert -144 (base 5) to base 3.
-1211
Convert -37 (base 9) to base 12.
-2a
Convert 2 (base 12) to base 9.
2
Convert cc (base 14) to base 12.
130
What is -108 (base 9) in base 14?
-65
22 (base 10) to base 16
16
Convert -1 (base 6) to base 10.
-1
3 (base 11) to base 13
3
Convert 1200 (base 3) to base 11.
41
5 (base 13) to base 11
5
Convert 1 (base 16) to base 3.
1
What is -4c (base 16) in base 7?
-136
Convert 12 (base 6) to base 11.
8
What is 6 (base 9) in base 10?
6
Convert -15 (base 9) to base 4.
-32
Convert -1 (base 2) to base 8.
-1
What is 38 (base 10) in base 9?
42
What is 1 (base 11) in base 10?
1
-72 (base 10) to base 3
-2200
What is -23 (base 6) in base 15?
-10
-70 (base 16) to base 5
-422
What is -1 (base 9) in base 4?
-1
Convert -100 (base 2) to base 6.
-4
-5 (base 10) to base 15
-5
What is 42 (base 10) in base 2?
101010
1 (base 3) to base 12
1
What is 14 (base 14) in base 5?
33
28 (base 9) to base 11
24
What is -11111 (base 2) in base 16?
-1f
What is -2 (base 10) in base 2?
-10
-1121 (base 3) to base 6
-111
What is 1 (base 14) in base 7?
1
Convert 133 (base 4) to base 12.
27
What is -a (base 16) in base 3?
-101
-5 (base 13) to base 6
-5
167 (base 14) to base 12
1bb
Convert -1 (base 13) to base 6.
-1
What is 3 (base 6) in base 11?
3
Convert 1 (base 5) to base 7.
1
What is 7 (base 16) in base 9?
7
Convert -a3 (base 11) to base 8.
-161
Convert -22 (base 7) to base 8.
-20
What is 15 (base 11) in base 15?
11
4 (base 8) to base 14
4
Convert 121 (base 4) to base 13.
1c
Convert -120 (base 4) to base 5.
-44
Convert -3 (base 6) to base 8.
-3
1010 (base 3) to base 14
22
-21 (base 16) to base 13
-27
Convert -2 (base 10) to base 13.
-2
3 (base 9) to base 5
3
What is -1110 (base 2) in base 11?
-13
What is -40 (base 7) in base 2?
-11100
-13 (base 12) to base 4
-33
Convert -17 (base 8) to base 12.
-13
What is -30 (base 8) in base 16?
-18
What is -17 (base 8) in base 9?
-16
Convert -10 (base 2) to base 14.
-2
Convert 1111110 (base 2) to base 6.
330
What is 0 (base 3) in base 15?
0
What is -63 (base 11) in base 2?
-1000101
Convert 30 (base 11) to base 7.
45
Convert -23 (base 8) to base 9.
-21
-22 (base 3) to base 13
-8
0 (base 7) to base 11
0
a3 (base 12) to base 15
83
Convert -6 (base 14) to base 10.
-6
Convert -5 (base 8) to base 13.
-5
What is 17 (base 14) in base 9?
23
-156 (base 7) to base 14
-66
What is -3 (base 8) in base 13?
-3
Convert 0 (base 16) to base 5.
0
0 (base 7) to base 5
0
Convert 5 (base 10) to base 3.
12
Convert -183 (base 9) to base 2.
-10011100
-4 (base 11) to base 5
-4
Convert -3 (base 5) to base 2.
-11
-330 (base 4) to base 9
-66
-113 (base 7) to base 10
-59
What is 5 (base 9) in base 2?
101
Convert 32 (base 12) to base 2.
100110
1050 (base 6) to base 3
100010
-210 (base 14) to base 13
-253
What is 2 (base 6) in base 5?
2
Convert -2 (base 7) to base 9.
-2
What is -1021 (base 3) in base 10?
-34
What is 22a (base 11) in base 7?
541
Convert 18 (base 12) to base 5.
40
1033 (base 4) to base 10
79
10 (base 2) to base 6
2
a (base 12) to base 13
a
What is 3 (base 9) in base 15?
3
1142 (base 6) to base 16
116
Convert -11 (base 5) to base 12.
-6
What is 2 (base 11) in base 15?
2
What is -344 (base 8) in base 15?
-103
What is 12 (base 9) in base 8?
13
Convert 10 (base 7) to base 15.
7
-267 (base 9) to base 16
-df
Convert 11101 (base 2) to base 14.
21
Conve